{"id":301,"date":"2023-07-11T21:20:05","date_gmt":"2023-07-11T19:20:05","guid":{"rendered":"http:\/\/shiatsukey.be\/?page_id=301"},"modified":"2023-09-01T19:57:47","modified_gmt":"2023-09-01T17:57:47","slug":"travail-a-pied","status":"publish","type":"page","link":"https:\/\/shiatsukey.be\/?page_id=301","title":{"rendered":"Travail \u00e0 pied"},"content":{"rendered":"\t\t<div data-elementor-type=\"wp-page\" data-elementor-id=\"301\" class=\"elementor elementor-301\">\n\t\t\t\t\t\t<section class=\"elementor-section elementor-top-section elementor-element elementor-element-1b0a5d33 elementor-section-boxed elementor-section-height-default elementor-section-height-default\" data-id=\"1b0a5d33\" data-element_type=\"section\" data-settings=\"{&quot;background_background&quot;:&quot;classic&quot;}\">\n\t\t\t\t\t\t\t<div class=\"elementor-background-overlay\"><\/div>\n\t\t\t\t\t\t\t<div class=\"elementor-container elementor-column-gap-default\">\n\t\t\t\t\t<div class=\"elementor-column elementor-col-100 elementor-top-column elementor-element elementor-element-1f841ba\" data-id=\"1f841ba\" data-element_type=\"column\">\n\t\t\t<div class=\"elementor-widget-wrap elementor-element-populated\">\n\t\t\t\t\t\t<div class=\"elementor-element elementor-element-365ba0bd elementor-widget elementor-widget-heading\" data-id=\"365ba0bd\" data-element_type=\"widget\" data-widget_type=\"heading.default\">\n\t\t\t\t<div class=\"elementor-widget-container\">\n\t\t\t\t\t<h1 class=\"elementor-heading-title elementor-size-default\">Travail \u00e0 pied<\/h1>\t\t\t\t<\/div>\n\t\t\t\t<\/div>\n\t\t\t\t\t<\/div>\n\t\t<\/div>\n\t\t\t\t\t<\/div>\n\t\t<\/section>\n\t\t\t\t<section class=\"elementor-section elementor-top-section elementor-element elementor-element-744afe2 elementor-section-boxed elementor-section-height-default elementor-section-height-default\" data-id=\"744afe2\" data-element_type=\"section\">\n\t\t\t\t\t\t<div class=\"elementor-container elementor-column-gap-default\">\n\t\t\t\t\t<div class=\"elementor-column elementor-col-100 elementor-top-column elementor-element elementor-element-7a72726\" data-id=\"7a72726\" data-element_type=\"column\">\n\t\t\t<div class=\"elementor-widget-wrap elementor-element-populated\">\n\t\t\t\t\t\t<section class=\"elementor-section elementor-inner-section elementor-element elementor-element-3081f88 elementor-section-boxed elementor-section-height-default elementor-section-height-default\" data-id=\"3081f88\" data-element_type=\"section\">\n\t\t\t\t\t\t<div class=\"elementor-container elementor-column-gap-default\">\n\t\t\t\t\t<div class=\"elementor-column elementor-col-50 elementor-inner-column elementor-element elementor-element-cf16c66\" data-id=\"cf16c66\" data-element_type=\"column\">\n\t\t\t<div class=\"elementor-widget-wrap elementor-element-populated\">\n\t\t\t\t\t\t<div class=\"elementor-element elementor-element-d04f88b elementor-widget elementor-widget-text-editor\" data-id=\"d04f88b\" data-element_type=\"widget\" data-widget_type=\"text-editor.default\">\n\t\t\t\t<div class=\"elementor-widget-container\">\n\t\t\t\t\t\t\t\t\t<h2><span style=\"color: var(--ast-global-color-2); font-size: 1.75rem; font-style: inherit;\">Qu&rsquo;est ce que le travail \u00e0 pied ?\u00a0<\/span><span style=\"font-style: inherit; color: var(--ast-global-color-3); font-family: Lato, sans-serif; font-size: 1rem; font-weight: 400;\">\u00a0<\/span><\/h2>\t\t\t\t\t\t\t\t<\/div>\n\t\t\t\t<\/div>\n\t\t\t\t<div class=\"elementor-element elementor-element-21ce12e elementor-widget elementor-widget-text-editor\" data-id=\"21ce12e\" data-element_type=\"widget\" data-widget_type=\"text-editor.default\">\n\t\t\t\t<div class=\"elementor-widget-container\">\n\t\t\t\t\t\t\t\t\t<p style=\"font-weight: 400;\"><span style=\"font-style: inherit; color: var(--ast-global-color-3);\">Il existe autant de d\u00e9finitions du terme \u00ab\u00a0<\/span><strong style=\"font-style: inherit; color: var(--ast-global-color-3);\">travail \u00e0 pied<\/strong><span style=\"font-style: inherit; color: var(--ast-global-color-3);\">\u00a0\u00bb que d\u2019instructeurs, propri\u00e9taires de chevaux, etc., voici la mienne\u00a0: \u00ab\u00a0le travail \u00e0 pied permet, en travaillant au sol, d<\/span><strong style=\"font-style: inherit; color: var(--ast-global-color-3);\">\u2019affiner la communication avec son cheval<\/strong><span style=\"font-style: inherit; color: var(--ast-global-color-3);\">, son <\/span><strong style=\"font-style: inherit; color: var(--ast-global-color-3);\">observation<\/strong><span style=\"font-style: inherit; color: var(--ast-global-color-3);\"> et sa <\/span><strong style=\"font-style: inherit; color: var(--ast-global-color-3);\">compr\u00e9hension<\/strong><span style=\"font-style: inherit; color: var(--ast-global-color-3);\">. Cheval et cavalier construisent ainsi un alphabet commun (la base) qui leur permettra de faire des phrases plus tard (passer sur des exercices plus complexes, du travail mont\u00e9,&#8230;). <\/span><strong style=\"font-style: inherit; color: var(--ast-global-color-3);\">Confiance, compr\u00e9hension mutuelle et s\u00e9curit\u00e9 sont au c\u0153ur de la pratique\u00a0<\/strong><span style=\"font-style: inherit; color: var(--ast-global-color-3);\">\u00bb.<\/span><\/p>\t\t\t\t\t\t\t\t<\/div>\n\t\t\t\t<\/div>\n\t\t\t\t<div class=\"elementor-element elementor-element-f020b34 elementor-widget elementor-widget-heading\" data-id=\"f020b34\" data-element_type=\"widget\" data-widget_type=\"heading.default\">\n\t\t\t\t<div class=\"elementor-widget-container\">\n\t\t\t\t\t<h2 class=\"elementor-heading-title elementor-size-default\">Pourquoi travailler son cheval au sol ?<\/h2>\t\t\t\t<\/div>\n\t\t\t\t<\/div>\n\t\t\t\t<div class=\"elementor-element elementor-element-f61194f elementor-widget elementor-widget-text-editor\" data-id=\"f61194f\" data-element_type=\"widget\" data-widget_type=\"text-editor.default\">\n\t\t\t\t<div class=\"elementor-widget-container\">\n\t\t\t\t\t\t\t\t\t<ul>\n<li><strong>S\u00e9curit\u00e9<\/strong>&nbsp;: comprendre et d\u00e9cortiquer d&rsquo;\u00e9ventuelles situations probl\u00e9matiques.<\/li>\n<\/ul>\n<ul>\n<li><strong>Communication \/ Compr\u00e9hension<\/strong>&nbsp;: apprendre \u00e0 apprendre au cheval, s\u2019analyser soi-m\u00eame et analyser son \u00e9quid\u00e9 (modes de fonctionnement, r\u00e9actions,&#8230;).<\/li>\n<\/ul>\n<ul>\n<li><strong>Loisir<\/strong>&nbsp;: innover et utiliser les m\u00e9thodes de<em> horsemanship <\/em>(relation homme-cheval)&nbsp;pour varier les activit\u00e9s avec son \u00e9quid\u00e9.<\/li>\n<\/ul>\t\t\t\t\t\t\t\t<\/div>\n\t\t\t\t<\/div>\n\t\t\t\t\t<\/div>\n\t\t<\/div>\n\t\t\t\t<div class=\"elementor-column elementor-col-50 elementor-inner-column elementor-element elementor-element-38ae171\" data-id=\"38ae171\" data-element_type=\"column\">\n\t\t\t<div class=\"elementor-widget-wrap elementor-element-populated\">\n\t\t\t\t\t\t<div class=\"elementor-element elementor-element-35dc396 elementor-widget elementor-widget-spacer\" data-id=\"35dc396\" data-element_type=\"widget\" data-widget_type=\"spacer.default\">\n\t\t\t\t<div class=\"elementor-widget-container\">\n\t\t\t\t\t\t\t<div class=\"elementor-spacer\">\n\t\t\t<div class=\"elementor-spacer-inner\"><\/div>\n\t\t<\/div>\n\t\t\t\t\t\t<\/div>\n\t\t\t\t<\/div>\n\t\t\t\t<div class=\"elementor-element elementor-element-32330df elementor-widget elementor-widget-image\" data-id=\"32330df\" data-element_type=\"widget\" data-widget_type=\"image.default\">\n\t\t\t\t<div class=\"elementor-widget-container\">\n\t\t\t\t\t\t\t\t\t\t\t\t\t\t\t<img fetchpriority=\"high\" decoding=\"async\" width=\"768\" height=\"1024\" src=\"https:\/\/shiatsukey.be\/wp-content\/uploads\/68b3d781-c13d-4846-8883-5539cdf36f5b-768x1024.jpg\" class=\"attachment-large size-large wp-image-509\" alt=\"\" srcset=\"https:\/\/shiatsukey.be\/wp-content\/uploads\/68b3d781-c13d-4846-8883-5539cdf36f5b-768x1024.jpg 768w, https:\/\/shiatsukey.be\/wp-content\/uploads\/68b3d781-c13d-4846-8883-5539cdf36f5b-225x300.jpg 225w, https:\/\/shiatsukey.be\/wp-content\/uploads\/68b3d781-c13d-4846-8883-5539cdf36f5b-1152x1536.jpg 1152w, https:\/\/shiatsukey.be\/wp-content\/uploads\/68b3d781-c13d-4846-8883-5539cdf36f5b.jpg 1536w\" sizes=\"(max-width: 768px) 100vw, 768px\" \/>\t\t\t\t\t\t\t\t\t\t\t\t\t\t\t<\/div>\n\t\t\t\t<\/div>\n\t\t\t\t\t<\/div>\n\t\t<\/div>\n\t\t\t\t\t<\/div>\n\t\t<\/section>\n\t\t\t\t<section class=\"elementor-section elementor-inner-section elementor-element elementor-element-8b4ce4f elementor-section-boxed elementor-section-height-default elementor-section-height-default\" data-id=\"8b4ce4f\" data-element_type=\"section\">\n\t\t\t\t\t\t<div class=\"elementor-container elementor-column-gap-default\">\n\t\t\t\t\t<div class=\"elementor-column elementor-col-100 elementor-inner-column elementor-element elementor-element-e49c704\" data-id=\"e49c704\" data-element_type=\"column\">\n\t\t\t<div class=\"elementor-widget-wrap elementor-element-populated\">\n\t\t\t\t\t\t<div class=\"elementor-element elementor-element-2e22baf elementor-widget elementor-widget-text-editor\" data-id=\"2e22baf\" data-element_type=\"widget\" data-widget_type=\"text-editor.default\">\n\t\t\t\t<div class=\"elementor-widget-container\">\n\t\t\t\t\t\t\t\t\t<p style=\"font-weight: 400;\">J\u2019aime transmettre en utilisant comme trame de fond les <strong>7 jeux de Pat Parelli<\/strong>, ceux-ci permettent d\u2019explorer de fa\u00e7on ludique quelques \u00e9l\u00e9ments essentiels de la communication cheval &#8211; humain\u00a0: la <strong>confiance<\/strong>, la <strong>r\u00e9ponse \u00e0 une pression<\/strong>, le <strong>contr\u00f4le des 4 pieds<\/strong>, l\u2019<strong>approche<\/strong> et l\u2019<strong>\u00e9loignement<\/strong>, l\u2019<strong>autonomie du cheval<\/strong>, les <strong>d\u00e9placements lat\u00e9raux<\/strong>, la confiance m\u00eame dans des situations oppressantes pour le cheval (<strong>passages \u00e9troits, embarquement dans le van, camion, passage de b\u00e2che et autres emb\u00fbches<\/strong>,&#8230;).<\/p>\t\t\t\t\t\t\t\t<\/div>\n\t\t\t\t<\/div>\n\t\t\t\t\t<\/div>\n\t\t<\/div>\n\t\t\t\t\t<\/div>\n\t\t<\/section>\n\t\t\t\t\t<\/div>\n\t\t<\/div>\n\t\t\t\t\t<\/div>\n\t\t<\/section>\n\t\t\t\t<\/div>\n\t\t","protected":false},"excerpt":{"rendered":"<p>Travail \u00e0 pied Qu&rsquo;est ce que le travail \u00e0 pied ?\u00a0\u00a0 Il existe autant de d\u00e9finitions du terme \u00ab\u00a0travail \u00e0 pied\u00a0\u00bb que d\u2019instructeurs, propri\u00e9taires de chevaux, etc., voici la mienne\u00a0: \u00ab\u00a0le travail \u00e0 pied permet, en travaillant au sol, d\u2019affiner la communication avec son cheval, son observation et sa compr\u00e9hension. Cheval et cavalier construisent ainsi [&hellip;]<\/p>\n","protected":false},"author":1,"featured_media":0,"parent":0,"menu_order":0,"comment_status":"closed","ping_status":"closed","template":"","meta":{"site-sidebar-layout":"no-sidebar","site-content-layout":"page-builder","ast-site-content-layout":"","site-content-style":"default","site-sidebar-style":"default","ast-global-header-display":"","ast-banner-title-visibility":"","ast-main-header-display":"","ast-hfb-above-header-display":"","ast-hfb-below-header-display":"","ast-hfb-mobile-header-display":"","site-post-title":"disabled","ast-breadcrumbs-content":"","ast-featured-img":"","footer-sml-layout":"","theme-transparent-header-meta":"enabled","adv-header-id-meta":"","stick-header-meta":"","header-above-stick-meta":"","header-main-stick-meta":"","header-below-stick-meta":"","astra-migrate-meta-layouts":"default","ast-page-background-enabled":"default","ast-page-background-meta":{"desktop":{"background-color":"","background-image":"","background-repeat":"repeat","background-position":"center center","background-size":"auto","background-attachment":"scroll","background-type":"","background-media":"","overlay-type":"","overlay-color":"","overlay-opacity":"","overlay-gradient":""},"tablet":{"background-color":"","background-image":"","background-repeat":"repeat","background-position":"center center","background-size":"auto","background-attachment":"scroll","background-type":"","background-media":"","overlay-type":"","overlay-color":"","overlay-opacity":"","overlay-gradient":""},"mobile":{"background-color":"","background-image":"","background-repeat":"repeat","background-position":"center center","background-size":"auto","background-attachment":"scroll","background-type":"","background-media":"","overlay-type":"","overlay-color":"","overlay-opacity":"","overlay-gradient":""}},"ast-content-background-meta":{"desktop":{"background-color":"var(--ast-global-color-5)","background-image":"","background-repeat":"repeat","background-position":"center center","background-size":"auto","background-attachment":"scroll","background-type":"","background-media":"","overlay-type":"","overlay-color":"","overlay-opacity":"","overlay-gradient":""},"tablet":{"background-color":"var(--ast-global-color-5)","background-image":"","background-repeat":"repeat","background-position":"center center","background-size":"auto","background-attachment":"scroll","background-type":"","background-media":"","overlay-type":"","overlay-color":"","overlay-opacity":"","overlay-gradient":""},"mobile":{"background-color":"var(--ast-global-color-5)","background-image":"","background-repeat":"repeat","background-position":"center center","background-size":"auto","background-attachment":"scroll","background-type":"","background-media":"","overlay-type":"","overlay-color":"","overlay-opacity":"","overlay-gradient":""}},"footnotes":""},"class_list":["post-301","page","type-page","status-publish","hentry"],"yoast_head":"<!-- This site is optimized with the Yoast SEO plugin v24.5 - https:\/\/yoast.com\/wordpress\/plugins\/seo\/ -->\n<title>Travail \u00e0 pied - Accueil<\/title>\n<meta name=\"robots\" content=\"index, follow, max-snippet:-1, max-image-preview:large, max-video-preview:-1\" \/>\n<link rel=\"canonical\" href=\"https:\/\/shiatsukey.be\/?page_id=301\" \/>\n<meta property=\"og:locale\" content=\"fr_FR\" \/>\n<meta property=\"og:type\" content=\"article\" \/>\n<meta property=\"og:title\" content=\"Travail \u00e0 pied - Accueil\" \/>\n<meta property=\"og:description\" content=\"Travail \u00e0 pied Qu&rsquo;est ce que le travail \u00e0 pied ?\u00a0\u00a0 Il existe autant de d\u00e9finitions du terme \u00ab\u00a0travail \u00e0 pied\u00a0\u00bb que d\u2019instructeurs, propri\u00e9taires de chevaux, etc., voici la mienne\u00a0: \u00ab\u00a0le travail \u00e0 pied permet, en travaillant au sol, d\u2019affiner la communication avec son cheval, son observation et sa compr\u00e9hension. Cheval et cavalier construisent ainsi [&hellip;]\" \/>\n<meta property=\"og:url\" content=\"https:\/\/shiatsukey.be\/?page_id=301\" \/>\n<meta property=\"og:site_name\" content=\"Accueil\" \/>\n<meta property=\"article:modified_time\" content=\"2023-09-01T17:57:47+00:00\" \/>\n<meta property=\"og:image\" content=\"http:\/\/shiatsukey.be\/wp-content\/uploads\/68b3d781-c13d-4846-8883-5539cdf36f5b-768x1024.jpg\" \/>\n<meta name=\"twitter:card\" content=\"summary_large_image\" \/>\n<meta name=\"twitter:label1\" content=\"Dur\u00e9e de lecture estim\u00e9e\" \/>\n\t<meta name=\"twitter:data1\" content=\"2 minutes\" \/>\n<script type=\"application\/ld+json\" class=\"yoast-schema-graph\">{\"@context\":\"https:\/\/schema.org\",\"@graph\":[{\"@type\":\"WebPage\",\"@id\":\"https:\/\/shiatsukey.be\/?page_id=301\",\"url\":\"https:\/\/shiatsukey.be\/?page_id=301\",\"name\":\"Travail \u00e0 pied - Accueil\",\"isPartOf\":{\"@id\":\"https:\/\/shiatsukey.be\/#website\"},\"primaryImageOfPage\":{\"@id\":\"https:\/\/shiatsukey.be\/?page_id=301#primaryimage\"},\"image\":{\"@id\":\"https:\/\/shiatsukey.be\/?page_id=301#primaryimage\"},\"thumbnailUrl\":\"http:\/\/shiatsukey.be\/wp-content\/uploads\/68b3d781-c13d-4846-8883-5539cdf36f5b-768x1024.jpg\",\"datePublished\":\"2023-07-11T19:20:05+00:00\",\"dateModified\":\"2023-09-01T17:57:47+00:00\",\"breadcrumb\":{\"@id\":\"https:\/\/shiatsukey.be\/?page_id=301#breadcrumb\"},\"inLanguage\":\"fr-FR\",\"potentialAction\":[{\"@type\":\"ReadAction\",\"target\":[\"https:\/\/shiatsukey.be\/?page_id=301\"]}]},{\"@type\":\"ImageObject\",\"inLanguage\":\"fr-FR\",\"@id\":\"https:\/\/shiatsukey.be\/?page_id=301#primaryimage\",\"url\":\"https:\/\/shiatsukey.be\/wp-content\/uploads\/68b3d781-c13d-4846-8883-5539cdf36f5b.jpg\",\"contentUrl\":\"https:\/\/shiatsukey.be\/wp-content\/uploads\/68b3d781-c13d-4846-8883-5539cdf36f5b.jpg\",\"width\":1536,\"height\":2048},{\"@type\":\"BreadcrumbList\",\"@id\":\"https:\/\/shiatsukey.be\/?page_id=301#breadcrumb\",\"itemListElement\":[{\"@type\":\"ListItem\",\"position\":1,\"name\":\"Accueil\",\"item\":\"https:\/\/shiatsukey.be\/\"},{\"@type\":\"ListItem\",\"position\":2,\"name\":\"Travail \u00e0 pied\"}]},{\"@type\":\"WebSite\",\"@id\":\"https:\/\/shiatsukey.be\/#website\",\"url\":\"https:\/\/shiatsukey.be\/\",\"name\":\"Shiatsu Key\",\"description\":\"\",\"publisher\":{\"@id\":\"https:\/\/shiatsukey.be\/#organization\"},\"potentialAction\":[{\"@type\":\"SearchAction\",\"target\":{\"@type\":\"EntryPoint\",\"urlTemplate\":\"https:\/\/shiatsukey.be\/?s={search_term_string}\"},\"query-input\":{\"@type\":\"PropertyValueSpecification\",\"valueRequired\":true,\"valueName\":\"search_term_string\"}}],\"inLanguage\":\"fr-FR\"},{\"@type\":\"Organization\",\"@id\":\"https:\/\/shiatsukey.be\/#organization\",\"name\":\"Shiatsu Key\",\"url\":\"https:\/\/shiatsukey.be\/\",\"logo\":{\"@type\":\"ImageObject\",\"inLanguage\":\"fr-FR\",\"@id\":\"https:\/\/shiatsukey.be\/#\/schema\/logo\/image\/\",\"url\":\"https:\/\/shiatsukey.be\/wp-content\/uploads\/cropped-horseshoe.png\",\"contentUrl\":\"https:\/\/shiatsukey.be\/wp-content\/uploads\/cropped-horseshoe.png\",\"width\":512,\"height\":512,\"caption\":\"Shiatsu Key\"},\"image\":{\"@id\":\"https:\/\/shiatsukey.be\/#\/schema\/logo\/image\/\"}}]}<\/script>\n<!-- \/ Yoast SEO plugin. -->","yoast_head_json":{"title":"Travail \u00e0 pied - Accueil","robots":{"index":"index","follow":"follow","max-snippet":"max-snippet:-1","max-image-preview":"max-image-preview:large","max-video-preview":"max-video-preview:-1"},"canonical":"https:\/\/shiatsukey.be\/?page_id=301","og_locale":"fr_FR","og_type":"article","og_title":"Travail \u00e0 pied - Accueil","og_description":"Travail \u00e0 pied Qu&rsquo;est ce que le travail \u00e0 pied ?\u00a0\u00a0 Il existe autant de d\u00e9finitions du terme \u00ab\u00a0travail \u00e0 pied\u00a0\u00bb que d\u2019instructeurs, propri\u00e9taires de chevaux, etc., voici la mienne\u00a0: \u00ab\u00a0le travail \u00e0 pied permet, en travaillant au sol, d\u2019affiner la communication avec son cheval, son observation et sa compr\u00e9hension. Cheval et cavalier construisent ainsi [&hellip;]","og_url":"https:\/\/shiatsukey.be\/?page_id=301","og_site_name":"Accueil","article_modified_time":"2023-09-01T17:57:47+00:00","og_image":[{"url":"http:\/\/shiatsukey.be\/wp-content\/uploads\/68b3d781-c13d-4846-8883-5539cdf36f5b-768x1024.jpg","type":"","width":"","height":""}],"twitter_card":"summary_large_image","twitter_misc":{"Dur\u00e9e de lecture estim\u00e9e":"2 minutes"},"schema":{"@context":"https:\/\/schema.org","@graph":[{"@type":"WebPage","@id":"https:\/\/shiatsukey.be\/?page_id=301","url":"https:\/\/shiatsukey.be\/?page_id=301","name":"Travail \u00e0 pied - Accueil","isPartOf":{"@id":"https:\/\/shiatsukey.be\/#website"},"primaryImageOfPage":{"@id":"https:\/\/shiatsukey.be\/?page_id=301#primaryimage"},"image":{"@id":"https:\/\/shiatsukey.be\/?page_id=301#primaryimage"},"thumbnailUrl":"http:\/\/shiatsukey.be\/wp-content\/uploads\/68b3d781-c13d-4846-8883-5539cdf36f5b-768x1024.jpg","datePublished":"2023-07-11T19:20:05+00:00","dateModified":"2023-09-01T17:57:47+00:00","breadcrumb":{"@id":"https:\/\/shiatsukey.be\/?page_id=301#breadcrumb"},"inLanguage":"fr-FR","potentialAction":[{"@type":"ReadAction","target":["https:\/\/shiatsukey.be\/?page_id=301"]}]},{"@type":"ImageObject","inLanguage":"fr-FR","@id":"https:\/\/shiatsukey.be\/?page_id=301#primaryimage","url":"https:\/\/shiatsukey.be\/wp-content\/uploads\/68b3d781-c13d-4846-8883-5539cdf36f5b.jpg","contentUrl":"https:\/\/shiatsukey.be\/wp-content\/uploads\/68b3d781-c13d-4846-8883-5539cdf36f5b.jpg","width":1536,"height":2048},{"@type":"BreadcrumbList","@id":"https:\/\/shiatsukey.be\/?page_id=301#breadcrumb","itemListElement":[{"@type":"ListItem","position":1,"name":"Accueil","item":"https:\/\/shiatsukey.be\/"},{"@type":"ListItem","position":2,"name":"Travail \u00e0 pied"}]},{"@type":"WebSite","@id":"https:\/\/shiatsukey.be\/#website","url":"https:\/\/shiatsukey.be\/","name":"Shiatsu Key","description":"","publisher":{"@id":"https:\/\/shiatsukey.be\/#organization"},"potentialAction":[{"@type":"SearchAction","target":{"@type":"EntryPoint","urlTemplate":"https:\/\/shiatsukey.be\/?s={search_term_string}"},"query-input":{"@type":"PropertyValueSpecification","valueRequired":true,"valueName":"search_term_string"}}],"inLanguage":"fr-FR"},{"@type":"Organization","@id":"https:\/\/shiatsukey.be\/#organization","name":"Shiatsu Key","url":"https:\/\/shiatsukey.be\/","logo":{"@type":"ImageObject","inLanguage":"fr-FR","@id":"https:\/\/shiatsukey.be\/#\/schema\/logo\/image\/","url":"https:\/\/shiatsukey.be\/wp-content\/uploads\/cropped-horseshoe.png","contentUrl":"https:\/\/shiatsukey.be\/wp-content\/uploads\/cropped-horseshoe.png","width":512,"height":512,"caption":"Shiatsu Key"},"image":{"@id":"https:\/\/shiatsukey.be\/#\/schema\/logo\/image\/"}}]}},"_links":{"self":[{"href":"https:\/\/shiatsukey.be\/index.php?rest_route=\/wp\/v2\/pages\/301","targetHints":{"allow":["GET"]}}],"collection":[{"href":"https:\/\/shiatsukey.be\/index.php?rest_route=\/wp\/v2\/pages"}],"about":[{"href":"https:\/\/shiatsukey.be\/index.php?rest_route=\/wp\/v2\/types\/page"}],"author":[{"embeddable":true,"href":"https:\/\/shiatsukey.be\/index.php?rest_route=\/wp\/v2\/users\/1"}],"replies":[{"embeddable":true,"href":"https:\/\/shiatsukey.be\/index.php?rest_route=%2Fwp%2Fv2%2Fcomments&post=301"}],"version-history":[{"count":64,"href":"https:\/\/shiatsukey.be\/index.php?rest_route=\/wp\/v2\/pages\/301\/revisions"}],"predecessor-version":[{"id":747,"href":"https:\/\/shiatsukey.be\/index.php?rest_route=\/wp\/v2\/pages\/301\/revisions\/747"}],"wp:attachment":[{"href":"https:\/\/shiatsukey.be\/index.php?rest_route=%2Fwp%2Fv2%2Fmedia&parent=301"}],"curies":[{"name":"wp","href":"https:\/\/api.w.org\/{rel}","templated":true}]}}